{"id":501,"date":"2024-02-06T12:06:17","date_gmt":"2024-02-06T11:06:17","guid":{"rendered":"https:\/\/igmensch.org\/?page_id=501"},"modified":"2025-04-19T20:46:37","modified_gmt":"2025-04-19T18:46:37","slug":"ig-mensch-organisation","status":"publish","type":"page","link":"https:\/\/igmensch.org\/ig-mensch-startseite\/ig-mensch-organisation\/","title":{"rendered":"IG MENSCH ORGANISATION"},"content":{"rendered":"\n<figure class=\"wp-block-image size-full\"><a href=\"https:\/\/igmensch.org\/beitrags-zahlung\/\"><img loading=\"lazy\" decoding=\"async\" width=\"638\" height=\"34\" src=\"https:\/\/igmensch.org\/wp-content\/uploads\/2025\/04\/Spenden-Beitraege-Einzahlungen-Jahres-Abo.png\" alt=\"\" class=\"wp-image-32435\" srcset=\"https:\/\/igmensch.org\/wp-content\/uploads\/2025\/04\/Spenden-Beitraege-Einzahlungen-Jahres-Abo.png 638w, https:\/\/igmensch.org\/wp-content\/uploads\/2025\/04\/Spenden-Beitraege-Einzahlungen-Jahres-Abo-300x16.png 300w\" sizes=\"auto, (max-width: 638px) 100vw, 638px\" \/><\/a><\/figure>\n\n\n\n<figure class=\"wp-block-image size-full is-resized\"><img loading=\"lazy\" decoding=\"async\" width=\"740\" height=\"12\" src=\"https:\/\/igmensch.org\/wp-content\/uploads\/2024\/02\/linie-gelb-600-1.png\" alt=\"\" class=\"wp-image-834\" style=\"width:620px\" srcset=\"https:\/\/igmensch.org\/wp-content\/uploads\/2024\/02\/linie-gelb-600-1.png 740w, https:\/\/igmensch.org\/wp-content\/uploads\/2024\/02\/linie-gelb-600-1-300x5.png 300w, https:\/\/igmensch.org\/wp-content\/uploads\/2024\/02\/linie-gelb-600-1-480x8.png 480w\" sizes=\"auto, (max-width: 740px) 100vw, 740px\" \/><\/figure>\n\n\n\n<div class=\"wp-block-group alignwide has-global-padding is-layout-constrained wp-container-core-group-is-layout-7fce3ec0 wp-block-group-is-layout-constrained\">\n<div style=\"height:25px\" aria-hidden=\"true\" class=\"wp-block-spacer\"><\/div>\n\n\n\n<div class=\"wp-block-group alignfull has-global-padding is-layout-constrained wp-container-core-group-is-layout-5a30f31b wp-block-group-is-layout-constrained\">\n<div class=\"wp-block-columns alignwide is-layout-flex wp-container-core-columns-is-layout-cf05694f wp-block-columns-is-layout-flex\">\n<div class=\"wp-block-column is-layout-flow wp-block-column-is-layout-flow\" style=\"flex-basis:40%\">\n<h2 class=\"wp-block-heading\">B\u00dcRO<\/h2>\n\n\n\n<figure class=\"wp-block-image aligncenter size-large is-resized\"><img loading=\"lazy\" decoding=\"async\" width=\"560\" height=\"604\" src=\"https:\/\/igmensch.org\/wp-content\/uploads\/2024\/02\/buro_pict-2.png?w=560\" alt=\"\" class=\"wp-image-801\" style=\"width:80px\" srcset=\"https:\/\/igmensch.org\/wp-content\/uploads\/2024\/02\/buro_pict-2.png 560w, https:\/\/igmensch.org\/wp-content\/uploads\/2024\/02\/buro_pict-2-278x300.png 278w, https:\/\/igmensch.org\/wp-content\/uploads\/2024\/02\/buro_pict-2-480x518.png 480w\" sizes=\"auto, (max-width: 560px) 100vw, 560px\" \/><\/figure>\n<\/div>\n\n\n\n<div class=\"wp-block-column is-layout-flow wp-block-column-is-layout-flow\">\n<p>Wir beantworten f\u00fcr Dich und treten im Bedarfsfall mit Dir in gew\u00fcnschter Art in Verbindung oder umgekehrt. Alle von Gruppen gel\u00f6sten Themen werden hier bearbeitet. Wir sind offen f\u00fcr eine weitere Arbeitskraft f\u00fcr unsere Aufgaben in unser-Team. Im gemeinn\u00fctzigen Sinn. Es gibt viel zu tun.<\/p>\n<\/div>\n<\/div>\n\n\n\n<figure class=\"wp-block-image size-full is-resized\"><img loading=\"lazy\" decoding=\"async\" width=\"740\" height=\"12\" src=\"https:\/\/igmensch.org\/wp-content\/uploads\/2024\/02\/linie-gelb-600-1.png\" alt=\"\" class=\"wp-image-834\" style=\"width:500px\" srcset=\"https:\/\/igmensch.org\/wp-content\/uploads\/2024\/02\/linie-gelb-600-1.png 740w, https:\/\/igmensch.org\/wp-content\/uploads\/2024\/02\/linie-gelb-600-1-300x5.png 300w, https:\/\/igmensch.org\/wp-content\/uploads\/2024\/02\/linie-gelb-600-1-480x8.png 480w\" sizes=\"auto, (max-width: 740px) 100vw, 740px\" \/><\/figure>\n\n\n\n<div class=\"wp-block-columns alignwide is-layout-flex wp-container-core-columns-is-layout-cf05694f wp-block-columns-is-layout-flex\">\n<div class=\"wp-block-column is-layout-flow wp-block-column-is-layout-flow\" style=\"flex-basis:40%\">\n<h2 class=\"wp-block-heading\">LEITUNG<\/h2>\n\n\n\n<figure class=\"wp-block-image aligncenter size-large is-resized\"><img loading=\"lazy\" decoding=\"async\" width=\"440\" height=\"369\" src=\"https:\/\/igmensch.org\/wp-content\/uploads\/2024\/02\/menschen-am-tisch-1.png?w=440\" alt=\"\" class=\"wp-image-945\" style=\"width:100px\" srcset=\"https:\/\/igmensch.org\/wp-content\/uploads\/2024\/02\/menschen-am-tisch-1.png 440w, https:\/\/igmensch.org\/wp-content\/uploads\/2024\/02\/menschen-am-tisch-1-300x252.png 300w\" sizes=\"auto, (max-width: 440px) 100vw, 440px\" \/><\/figure>\n<\/div>\n\n\n\n<div class=\"wp-block-column is-layout-flow wp-block-column-is-layout-flow\">\n<p>Leitung \/ Projekte \/ B\u00fcro: <strong>Rolf Dietziker <\/strong>(<strong>Diro Anders<\/strong>) <br>Stv. Leitung \/ Kommunikator \/ Aktuar: <strong>Armin F\u00f6llmi<br><\/strong>Kassier \/ Webmaster: <strong>Claudio Graf<\/strong><\/p>\n\n\n\n<p>Du kannst Dich nach Bedarf, mittels E-Mail in <a href=\"https:\/\/igmensch.org\/kontakt\/\">KONTAKT<\/a>, an die betreffende Stelle wenden. Bitte stets Betreffzeile themenbezogen benennen.<\/p>\n<\/div>\n<\/div>\n\n\n\n<figure class=\"wp-block-image size-full is-resized\"><img loading=\"lazy\" decoding=\"async\" width=\"740\" height=\"12\" src=\"https:\/\/igmensch.org\/wp-content\/uploads\/2024\/02\/linie-gelb-600-1.png\" alt=\"\" class=\"wp-image-834\" style=\"width:500px\" srcset=\"https:\/\/igmensch.org\/wp-content\/uploads\/2024\/02\/linie-gelb-600-1.png 740w, https:\/\/igmensch.org\/wp-content\/uploads\/2024\/02\/linie-gelb-600-1-300x5.png 300w, https:\/\/igmensch.org\/wp-content\/uploads\/2024\/02\/linie-gelb-600-1-480x8.png 480w\" sizes=\"auto, (max-width: 740px) 100vw, 740px\" \/><\/figure>\n\n\n\n<div class=\"wp-block-columns alignwide is-layout-flex wp-container-core-columns-is-layout-cf05694f wp-block-columns-is-layout-flex\">\n<div class=\"wp-block-column is-layout-flow wp-block-column-is-layout-flow\" style=\"flex-basis:40%\">\n<h2 class=\"wp-block-heading\"><a href=\"https:\/\/igmensch.org\/kontakt\/\">KONTAKT<\/a><\/h2>\n\n\n\n<figure class=\"wp-block-image aligncenter size-large is-resized\"><img loading=\"lazy\" decoding=\"async\" width=\"370\" height=\"373\" src=\"https:\/\/igmensch.org\/wp-content\/uploads\/2024\/02\/contact-3.png?w=370\" alt=\"\" class=\"wp-image-804\" style=\"width:80px\" srcset=\"https:\/\/igmensch.org\/wp-content\/uploads\/2024\/02\/contact-3.png 370w, https:\/\/igmensch.org\/wp-content\/uploads\/2024\/02\/contact-3-298x300.png 298w, https:\/\/igmensch.org\/wp-content\/uploads\/2024\/02\/contact-3-150x150.png 150w\" sizes=\"auto, (max-width: 370px) 100vw, 370px\" \/><\/figure>\n<\/div>\n\n\n\n<div class=\"wp-block-column is-layout-flow wp-block-column-is-layout-flow\">\n<p>Wir laden Dich herzlich ein, mit uns <a href=\"https:\/\/igmensch.org\/kontakt\/\">Kontakt<\/a> aufzunehmen.<br>Gerne geben wir Dir Auskunft. <\/p>\n<\/div>\n<\/div>\n\n\n\n<figure class=\"wp-block-image size-full is-resized\"><img loading=\"lazy\" decoding=\"async\" width=\"740\" height=\"12\" src=\"https:\/\/igmensch.org\/wp-content\/uploads\/2024\/02\/linie-gelb-600-1.png\" alt=\"\" class=\"wp-image-834\" style=\"width:500px\" srcset=\"https:\/\/igmensch.org\/wp-content\/uploads\/2024\/02\/linie-gelb-600-1.png 740w, https:\/\/igmensch.org\/wp-content\/uploads\/2024\/02\/linie-gelb-600-1-300x5.png 300w, https:\/\/igmensch.org\/wp-content\/uploads\/2024\/02\/linie-gelb-600-1-480x8.png 480w\" sizes=\"auto, (max-width: 740px) 100vw, 740px\" \/><\/figure>\n\n\n\n<div class=\"wp-block-columns alignwide is-layout-flex wp-container-core-columns-is-layout-cf05694f wp-block-columns-is-layout-flex\">\n<div class=\"wp-block-column is-layout-flow wp-block-column-is-layout-flow\" style=\"flex-basis:40%\">\n<h2 class=\"wp-block-heading\">SERVICE<\/h2>\n\n\n\n<figure class=\"wp-block-image aligncenter size-large is-resized\"><img loading=\"lazy\" decoding=\"async\" width=\"889\" height=\"794\" src=\"https:\/\/igmensch.org\/wp-content\/uploads\/2024\/02\/service_pict-1.png?w=889\" alt=\"\" class=\"wp-image-528\" style=\"width:80px\" srcset=\"https:\/\/igmensch.org\/wp-content\/uploads\/2024\/02\/service_pict-1.png 889w, https:\/\/igmensch.org\/wp-content\/uploads\/2024\/02\/service_pict-1-300x268.png 300w, https:\/\/igmensch.org\/wp-content\/uploads\/2024\/02\/service_pict-1-768x686.png 768w, https:\/\/igmensch.org\/wp-content\/uploads\/2024\/02\/service_pict-1-480x429.png 480w\" sizes=\"auto, (max-width: 889px) 100vw, 889px\" \/><\/figure>\n<\/div>\n\n\n\n<div class=\"wp-block-column is-layout-flow wp-block-column-is-layout-flow\">\n<p>Frag uns. Hier kannst Du uns eine <strong><a href=\"https:\/\/igmensch.org\/kontakt\/\">Mail<\/a> <\/strong>senden. #<\/p>\n<\/div>\n<\/div>\n\n\n\n<figure class=\"wp-block-image size-full is-resized\"><img loading=\"lazy\" decoding=\"async\" width=\"740\" height=\"12\" src=\"https:\/\/igmensch.org\/wp-content\/uploads\/2024\/02\/linie-gelb-600-1.png\" alt=\"\" class=\"wp-image-834\" style=\"width:500px\" srcset=\"https:\/\/igmensch.org\/wp-content\/uploads\/2024\/02\/linie-gelb-600-1.png 740w, https:\/\/igmensch.org\/wp-content\/uploads\/2024\/02\/linie-gelb-600-1-300x5.png 300w, https:\/\/igmensch.org\/wp-content\/uploads\/2024\/02\/linie-gelb-600-1-480x8.png 480w\" sizes=\"auto, (max-width: 740px) 100vw, 740px\" \/><\/figure>\n\n\n\n<div class=\"wp-block-columns alignwide is-layout-flex wp-container-core-columns-is-layout-cf05694f wp-block-columns-is-layout-flex\">\n<div class=\"wp-block-column is-layout-flow wp-block-column-is-layout-flow\" style=\"flex-basis:40%\">\n<h2 class=\"wp-block-heading\"><a href=\"https:\/\/igmensch.org\/rechtliches\/\">RECHTLICHES<\/a><\/h2>\n\n\n\n<figure class=\"wp-block-image aligncenter size-large is-resized\"><img loading=\"lazy\" decoding=\"async\" width=\"529\" height=\"405\" src=\"https:\/\/igmensch.org\/wp-content\/uploads\/2024\/02\/rechtliches_pict-2-1.png?w=529\" alt=\"\" class=\"wp-image-530\" style=\"width:80px\" srcset=\"https:\/\/igmensch.org\/wp-content\/uploads\/2024\/02\/rechtliches_pict-2-1.png 529w, https:\/\/igmensch.org\/wp-content\/uploads\/2024\/02\/rechtliches_pict-2-1-300x230.png 300w, https:\/\/igmensch.org\/wp-content\/uploads\/2024\/02\/rechtliches_pict-2-1-480x367.png 480w\" sizes=\"auto, (max-width: 529px) 100vw, 529px\" \/><\/figure>\n<\/div>\n\n\n\n<div class=\"wp-block-column is-layout-flow wp-block-column-is-layout-flow\">\n<p><a href=\"https:\/\/igmensch.org\/rechtliches\/\"><strong>RECHTLICHES Haftungsauschluss: <\/strong>&#8230;&#8230; Disclaimer<\/a><\/p>\n<\/div>\n<\/div>\n\n\n\n<figure class=\"wp-block-image size-full is-resized\"><img loading=\"lazy\" decoding=\"async\" width=\"740\" height=\"12\" src=\"https:\/\/igmensch.org\/wp-content\/uploads\/2024\/02\/linie-gelb-600-1.png\" alt=\"\" class=\"wp-image-834\" style=\"width:500px\" srcset=\"https:\/\/igmensch.org\/wp-content\/uploads\/2024\/02\/linie-gelb-600-1.png 740w, https:\/\/igmensch.org\/wp-content\/uploads\/2024\/02\/linie-gelb-600-1-300x5.png 300w, https:\/\/igmensch.org\/wp-content\/uploads\/2024\/02\/linie-gelb-600-1-480x8.png 480w\" sizes=\"auto, (max-width: 740px) 100vw, 740px\" \/><\/figure>\n\n\n\n<div class=\"wp-block-columns alignwide is-layout-flex wp-container-core-columns-is-layout-cf05694f wp-block-columns-is-layout-flex\">\n<div class=\"wp-block-column is-layout-flow wp-block-column-is-layout-flow\" style=\"flex-basis:40%\">\n<h2 class=\"wp-block-heading\">IMPRESSUM<\/h2>\n\n\n\n<figure class=\"wp-block-image aligncenter size-large is-resized\"><img loading=\"lazy\" decoding=\"async\" width=\"626\" height=\"509\" src=\"https:\/\/igmensch.org\/wp-content\/uploads\/2024\/02\/impressum_pict-1.png?w=626\" alt=\"\" class=\"wp-image-531\" style=\"width:80px\" srcset=\"https:\/\/igmensch.org\/wp-content\/uploads\/2024\/02\/impressum_pict-1.png 626w, https:\/\/igmensch.org\/wp-content\/uploads\/2024\/02\/impressum_pict-1-300x244.png 300w, https:\/\/igmensch.org\/wp-content\/uploads\/2024\/02\/impressum_pict-1-480x390.png 480w\" sizes=\"auto, (max-width: 626px) 100vw, 626px\" \/><\/figure>\n<\/div>\n\n\n\n<div class=\"wp-block-column is-layout-flow wp-block-column-is-layout-flow\">\n<p>VEREIN IG MENSCH<br>Obere H\u00e4gni 1<br>9054 Schlatt-Haslen AI<br>E-Mail: <a href=\"https:\/\/igmensch.org\/kontakt\/\">info_at_igmensch.org<\/a> und  <a href=\"https:\/\/igmensch.org\/kontakt\/\">webmaster_at_igmensch.org<\/a><\/p>\n<\/div>\n<\/div>\n\n\n\n<p>Wir geben Social-Medien, wie FaceBook, Instagram, WhatsApp, YouTube, Vimeo, XING, LinkedIn, Pinterest, Snapchat, TikTok, Reddit, Twitter, Twitch, Tumblr, Telegram verbundenen Unternehmen keine Erlaubnis, unsere Bilder, Informationen, Nachrichten oder Beitr\u00e4ge in der Vergangenheit und in der Zukunft zu verwenden.<br><br>Mit dieser Erkl\u00e4rung teilen wir allen Social Medien mit, dass es strengstens untersagt ist, dieses\/mein\/unser Profil und \/ oder seinen Inhalt offenzulegen, zu kopieren, zu verbreiten oder andere Ma\u00dfnahmen gegen uns zu ergreifen. Der Inhalt dieses Profils sind private und vertrauliche Information.<br>Die Verletzung der Privatsph\u00e4re kann gesetzlich geahndet werden, ( UZK 1-308- 1 1 308-103 und das R\u00f6mische Statut )<\/p>\n\n\n\n<figure class=\"wp-block-image size-full is-resized\"><img loading=\"lazy\" decoding=\"async\" width=\"740\" height=\"12\" src=\"https:\/\/igmensch.org\/wp-content\/uploads\/2024\/02\/linie-gelb-600-1.png\" alt=\"\" class=\"wp-image-834\" style=\"width:500px\" srcset=\"https:\/\/igmensch.org\/wp-content\/uploads\/2024\/02\/linie-gelb-600-1.png 740w, https:\/\/igmensch.org\/wp-content\/uploads\/2024\/02\/linie-gelb-600-1-300x5.png 300w, https:\/\/igmensch.org\/wp-content\/uploads\/2024\/02\/linie-gelb-600-1-480x8.png 480w\" sizes=\"auto, (max-width: 740px) 100vw, 740px\" \/><\/figure>\n\n\n\n<div class=\"wp-block-columns alignwide is-layout-flex wp-container-core-columns-is-layout-cf05694f wp-block-columns-is-layout-flex\">\n<div class=\"wp-block-column is-layout-flow wp-block-column-is-layout-flow\" style=\"flex-basis:40%\">\n<h2 class=\"wp-block-heading\"><a href=\"https:\/\/igmensch.org\/wp-content\/uploads\/2024\/02\/statutene28093webversion-1.pdf\" target=\"_blank\" rel=\"noreferrer noopener\">STATUTEN<\/a><\/h2>\n\n\n\n<figure class=\"wp-block-image aligncenter size-large is-resized\"><img loading=\"lazy\" decoding=\"async\" width=\"507\" height=\"640\" src=\"https:\/\/igmensch.org\/wp-content\/uploads\/2024\/02\/statuten_pict-2-1.png?w=507\" alt=\"\" class=\"wp-image-533\" style=\"width:80px\" srcset=\"https:\/\/igmensch.org\/wp-content\/uploads\/2024\/02\/statuten_pict-2-1.png 507w, https:\/\/igmensch.org\/wp-content\/uploads\/2024\/02\/statuten_pict-2-1-238x300.png 238w, https:\/\/igmensch.org\/wp-content\/uploads\/2024\/02\/statuten_pict-2-1-480x606.png 480w\" sizes=\"auto, (max-width: 507px) 100vw, 507px\" \/><\/figure>\n<\/div>\n\n\n\n<div class=\"wp-block-column is-layout-flow wp-block-column-is-layout-flow\">\n<p>Bei Interesse findest Du unsere Vereinsstatuten &gt; <strong><a href=\"https:\/\/igmensch.org\/wp-content\/uploads\/2024\/02\/statutene28093webversion-1.pdf\" target=\"_blank\" rel=\"noreferrer noopener\">HIER<\/a>.<br><\/strong>Du willst alle Vorz\u00fcge geniessen (Du bekommst daf\u00fcr ein LogIn).<\/p>\n\n\n\n<p>Werde <strong>AKTIV-USER <\/strong>hier anmelden &gt; <strong><a href=\"https:\/\/igmensch.org\/ig-mensch-login\/\">HIER<\/a>.<\/strong><\/p>\n\n\n\n<p>Du willst uns mit einem kleinen Jahresbeitrag unterst\u00fctzen und m\u00f6chtest bei Bedarf in kommenden oder verbundenen Events verg\u00fcnstigt dabei sein.<\/p>\n\n\n\n<p>Du m\u00f6chtest uns <strong>menschlich, bedingungslos f\u00f6rdern?<\/strong><\/p>\n\n\n\n<p><strong>Wir sind dankbar <\/strong>um jeden <a href=\"https:\/\/igmensch.org\/beitrags-zahlung\/\" data-type=\"page\" data-id=\"29390\">Beitrag und Spende<\/a>.<\/p>\n<\/div>\n<\/div>\n\n\n\n<div class=\"wp-block-group has-global-padding is-layout-constrained wp-block-group-is-layout-constrained\">\n<figure class=\"wp-block-image size-full is-resized\"><img loading=\"lazy\" decoding=\"async\" width=\"740\" height=\"12\" src=\"https:\/\/igmensch.org\/wp-content\/uploads\/2024\/02\/linie-gelb-600-1.png\" alt=\"\" class=\"wp-image-834\" style=\"width:500px\" srcset=\"https:\/\/igmensch.org\/wp-content\/uploads\/2024\/02\/linie-gelb-600-1.png 740w, https:\/\/igmensch.org\/wp-content\/uploads\/2024\/02\/linie-gelb-600-1-300x5.png 300w, https:\/\/igmensch.org\/wp-content\/uploads\/2024\/02\/linie-gelb-600-1-480x8.png 480w\" sizes=\"auto, (max-width: 740px) 100vw, 740px\" \/><\/figure>\n\n\n\n<div class=\"wp-block-columns alignwide is-layout-flex wp-container-core-columns-is-layout-cf05694f wp-block-columns-is-layout-flex\">\n<div class=\"wp-block-column is-layout-flow wp-block-column-is-layout-flow\" style=\"flex-basis:40%\">\n<h2 class=\"wp-block-heading\"><a href=\"https:\/\/igmensch.org\/ig-mensch-startseite\/beitrags-zahlung\/\" data-type=\"page\" data-id=\"29390\" target=\"_blank\" rel=\"noreferrer noopener\">Beitrags-Zahlungen<\/a><\/h2>\n\n\n\n<figure class=\"wp-block-image aligncenter size-full is-resized\"><img loading=\"lazy\" decoding=\"async\" width=\"270\" height=\"270\" src=\"https:\/\/igmensch.org\/wp-content\/uploads\/2025\/01\/IGMENSCH-Zahlteil-1.png\" alt=\"\" class=\"wp-image-31597\" style=\"width:80px\" srcset=\"https:\/\/igmensch.org\/wp-content\/uploads\/2025\/01\/IGMENSCH-Zahlteil-1.png 270w, https:\/\/igmensch.org\/wp-content\/uploads\/2025\/01\/IGMENSCH-Zahlteil-1-150x150.png 150w\" sizes=\"auto, (max-width: 270px) 100vw, 270px\" \/><\/figure>\n\n\n\n<p class=\"has-text-align-center\">QR-Zahlteil<\/p>\n<\/div>\n\n\n\n<div class=\"wp-block-column is-layout-flow wp-block-column-is-layout-flow\">\n<p>Werde Benutzer und Nutzniesser unserer Angebote: <\/p>\n\n\n\n<p>Werde <strong>AKTIV-USER <\/strong>hier anmelden &gt; <strong><a href=\"https:\/\/igmensch.org\/ig-mensch-login\/\">HIER<\/a>.<\/strong><\/p>\n\n\n\n<p>Du willst uns mit einem kleinen Jahresbeitrag unterst\u00fctzen und m\u00f6chtest bei Bedarf in kommenden oder verbundenen Events verg\u00fcnstigt dabei sein.<\/p>\n\n\n\n<p>Du m\u00f6chtest uns <strong>menschlich, bedingungslos f\u00f6rdern?<\/strong><\/p>\n\n\n\n<p><strong>Wir sind dankbar <\/strong>um jeden <a href=\"https:\/\/igmensch.org\/beitrags-zahlung\/\" data-type=\"page\" data-id=\"29390\">Beitrag und Spende<\/a>.<\/p>\n<\/div>\n<\/div>\n\n\n\n<figure class=\"wp-block-image size-full is-resized\"><img loading=\"lazy\" decoding=\"async\" width=\"740\" height=\"12\" src=\"https:\/\/igmensch.org\/wp-content\/uploads\/2024\/02\/linie-gelb-600-1.png\" alt=\"\" class=\"wp-image-834\" style=\"width:500px\" srcset=\"https:\/\/igmensch.org\/wp-content\/uploads\/2024\/02\/linie-gelb-600-1.png 740w, https:\/\/igmensch.org\/wp-content\/uploads\/2024\/02\/linie-gelb-600-1-300x5.png 300w, https:\/\/igmensch.org\/wp-content\/uploads\/2024\/02\/linie-gelb-600-1-480x8.png 480w\" sizes=\"auto, (max-width: 740px) 100vw, 740px\" \/><\/figure>\n<\/div>\n<\/div>\n<\/div>\n\n\n\n<div class=\"wp-block-group has-global-padding is-layout-constrained wp-block-group-is-layout-constrained\">\n<p><a href=\"https:\/\/igmensch.org\/ig-mensch-login\/\" data-type=\"page\" data-id=\"587\">Login \/ Registration<\/a><\/p>\n\n\n\n<figure class=\"wp-block-image size-full is-resized\"><img loading=\"lazy\" decoding=\"async\" width=\"740\" height=\"12\" src=\"https:\/\/igmensch.org\/wp-content\/uploads\/2024\/02\/linie-gelb-600-1.png\" alt=\"\" class=\"wp-image-834\" style=\"width:620px\" srcset=\"https:\/\/igmensch.org\/wp-content\/uploads\/2024\/02\/linie-gelb-600-1.png 740w, https:\/\/igmensch.org\/wp-content\/uploads\/2024\/02\/linie-gelb-600-1-300x5.png 300w, https:\/\/igmensch.org\/wp-content\/uploads\/2024\/02\/linie-gelb-600-1-480x8.png 480w\" sizes=\"auto, (max-width: 740px) 100vw, 740px\" \/><\/figure>\n<\/div>\n","protected":false},"excerpt":{"rendered":"<p>B\u00dcRO Wir beantworten f\u00fcr Dich und treten im Bedarfsfall mit Dir in gew\u00fcnschter Art in Verbindung oder umgekehrt. Alle von Gruppen gel\u00f6sten Themen werden hier bearbeitet. Wir sind offen f\u00fcr eine weitere Arbeitskraft f\u00fcr unsere Aufgaben in unser-Team. Im gemeinn\u00fctzigen Sinn. Es gibt viel zu tun. LEITUNG Leitung \/ Projekte \/ B\u00fcro: Rolf Dietziker (Diro [&hellip;]<\/p>\n","protected":false},"author":1,"featured_media":0,"parent":0,"menu_order":0,"comment_status":"closed","ping_status":"closed","template":"","meta":{"footnotes":""},"class_list":["post-501","page","type-page","status-publish","hentry"],"jetpack_sharing_enabled":true,"_links":{"self":[{"href":"https:\/\/igmensch.org\/ig-mensch-startseite\/wp-json\/wp\/v2\/pages\/501","targetHints":{"allow":["GET"]}}],"collection":[{"href":"https:\/\/igmensch.org\/ig-mensch-startseite\/wp-json\/wp\/v2\/pages"}],"about":[{"href":"https:\/\/igmensch.org\/ig-mensch-startseite\/wp-json\/wp\/v2\/types\/page"}],"author":[{"embeddable":true,"href":"https:\/\/igmensch.org\/ig-mensch-startseite\/wp-json\/wp\/v2\/users\/1"}],"replies":[{"embeddable":true,"href":"https:\/\/igmensch.org\/ig-mensch-startseite\/wp-json\/wp\/v2\/comments?post=501"}],"version-history":[{"count":33,"href":"https:\/\/igmensch.org\/ig-mensch-startseite\/wp-json\/wp\/v2\/pages\/501\/revisions"}],"predecessor-version":[{"id":32475,"href":"https:\/\/igmensch.org\/ig-mensch-startseite\/wp-json\/wp\/v2\/pages\/501\/revisions\/32475"}],"wp:attachment":[{"href":"https:\/\/igmensch.org\/ig-mensch-startseite\/wp-json\/wp\/v2\/media?parent=501"}],"curies":[{"name":"wp","href":"https:\/\/api.w.org\/{rel}","templated":true}]}}