{"id":33249,"date":"2026-02-23T16:46:46","date_gmt":"2026-02-23T15:46:46","guid":{"rendered":"https:\/\/igmensch.org\/ig-mensch-startseite\/?page_id=33249"},"modified":"2026-02-23T17:29:56","modified_gmt":"2026-02-23T16:29:56","slug":"w-wie-viel-volksmusik","status":"publish","type":"page","link":"https:\/\/igmensch.org\/ig-mensch-startseite\/w-wie-viel-volksmusik\/","title":{"rendered":"W wie Viel Volksmusik"},"content":{"rendered":"\n<div class=\"wp-block-group has-global-padding is-layout-constrained wp-block-group-is-layout-constrained\">\n<figure class=\"wp-block-image size-full is-resized\"><img loading=\"lazy\" decoding=\"async\" width=\"740\" height=\"12\" src=\"https:\/\/igmensch.org\/wp-content\/uploads\/2024\/02\/linie-gelb-600-1.png\" alt=\"\" class=\"wp-image-834\" style=\"width:620px\" srcset=\"https:\/\/igmensch.org\/wp-content\/uploads\/2024\/02\/linie-gelb-600-1.png 740w, https:\/\/igmensch.org\/wp-content\/uploads\/2024\/02\/linie-gelb-600-1-300x5.png 300w, https:\/\/igmensch.org\/wp-content\/uploads\/2024\/02\/linie-gelb-600-1-480x8.png 480w\" sizes=\"auto, (max-width: 740px) 100vw, 740px\" \/><\/figure>\n\n\n\n<div class=\"wp-block-columns is-layout-flex wp-container-core-columns-is-layout-28f84493 wp-block-columns-is-layout-flex\">\n<div class=\"wp-block-column is-layout-flow wp-block-column-is-layout-flow\">\n<div class=\"wp-block-columns is-layout-flex wp-container-core-columns-is-layout-28f84493 wp-block-columns-is-layout-flex\">\n<div class=\"wp-block-column is-layout-flow wp-block-column-is-layout-flow\">\n<p>Aktualisiert<br>23.02.2026<\/p>\n<\/div>\n\n\n\n<div class=\"wp-block-column is-layout-flow wp-block-column-is-layout-flow\"><\/div>\n<\/div>\n<\/div>\n\n\n\n<div class=\"wp-block-column is-layout-flow wp-block-column-is-layout-flow\">\n<div class=\"wp-block-columns is-layout-flex wp-container-core-columns-is-layout-28f84493 wp-block-columns-is-layout-flex\">\n<div class=\"wp-block-column is-layout-flow wp-block-column-is-layout-flow\"><\/div>\n\n\n\n<div class=\"wp-block-column is-layout-flow wp-block-column-is-layout-flow\">\n<p class=\"has-text-align-right\">Erstellt<br>23.02.2026<\/p>\n<\/div>\n<\/div>\n<\/div>\n<\/div>\n\n\n\n<figure class=\"wp-block-image size-full is-resized\"><img loading=\"lazy\" decoding=\"async\" width=\"740\" height=\"12\" src=\"https:\/\/igmensch.org\/wp-content\/uploads\/2024\/02\/linie-gelb-600-1.png\" alt=\"\" class=\"wp-image-834\" style=\"width:620px\" srcset=\"https:\/\/igmensch.org\/wp-content\/uploads\/2024\/02\/linie-gelb-600-1.png 740w, https:\/\/igmensch.org\/wp-content\/uploads\/2024\/02\/linie-gelb-600-1-300x5.png 300w, https:\/\/igmensch.org\/wp-content\/uploads\/2024\/02\/linie-gelb-600-1-480x8.png 480w\" sizes=\"auto, (max-width: 740px) 100vw, 740px\" \/><\/figure>\n<\/div>\n\n\n\n<div class=\"wp-block-group has-global-padding is-layout-constrained wp-block-group-is-layout-constrained\">\n<div class=\"wp-block-columns is-layout-flex wp-container-core-columns-is-layout-28f84493 wp-block-columns-is-layout-flex\">\n<div class=\"wp-block-column is-layout-flow wp-block-column-is-layout-flow\"><\/div>\n\n\n\n<div class=\"wp-block-column is-layout-flow wp-block-column-is-layout-flow\">\n<p class=\"has-text-align-center\"><a href=\"https:\/\/igmensch.org\/abc-musik-liste-2\/\" data-type=\"page\" data-id=\"29125\">MUSIK-LISTE<\/a><\/p>\n<\/div>\n\n\n\n<div class=\"wp-block-column is-layout-flow wp-block-column-is-layout-flow\"><\/div>\n<\/div>\n<\/div>\n\n\n\n<div class=\"wp-block-group has-global-padding is-layout-constrained wp-block-group-is-layout-constrained\">\n<p class=\"has-small-font-size\" style=\"line-height:1.3\"><strong>Quetschn Academy<\/strong> by DJ Torro_Lago | <strong>RADIO MENSCH<\/strong> 220 MB). Die ganze Truppe von der Quetschn Academy (Namen werden sp\u00e4ter eingepflegt)<br>Weihnachten wie sie fr\u00fcher war, gem\u00fctlich, Lieder passend zum Anlass mit der Steirischen Quetschn<\/p>\n\n\n\n<figure class=\"wp-block-audio\"><audio controls src=\"https:\/\/claudiograf.ch\/wp-content\/uploads\/2025\/12\/ziachfuchs-a-weihnacht-wies-fruher-war_W9tspUna.m4a\"><\/audio><\/figure>\n\n\n\n<hr class=\"wp-block-separator has-alpha-channel-opacity is-style-wide\"\/>\n<\/div>\n\n\n\n<div class=\"wp-block-group has-global-padding is-layout-constrained wp-block-group-is-layout-constrained\">\n<p class=\"has-small-font-size\" style=\"line-height:1.3\"><strong>Oberkrainer Medley (13 Slavko Avsenik Hits<\/strong>) DJ Torro_Lago | <strong>RADIO MENSCH<\/strong> (66MB) Ein schwungvolles Oberkrainer-Medley von Stefan, gespielt auf der Tigerwood in GCFB. <br>00:05 Ich h\u00f6r so gern Harmonika, 02:10 Sch\u00f6ne Urlaubszeit (\u00fcbrigens kein<br> Avsenik-St\u00fcck \ud83d\ude1c), 04:40 Gl\u00fcck im Schwarzwald, 07:35 Auf der Autobahn, <br>10:10 Bauernkirmes, 11:53 Slowenischer Bauerntanz, 14:40 Erinnerungen, <br>17:30 Die gute alte Zeit, 19:08 Hey Slavko, spiel uns eins, 22:31 Martin<br> Polka, 25:17 Tante Mitzi, 27:25 Mein bester Freund ist die Musik, 31:03<br> Trompetenecho, Technik: Claudio<\/p>\n\n\n\n<figure class=\"wp-block-audio\"><audio controls src=\"https:\/\/igmensch.org\/wp-content\/uploads\/2024\/08\/Oberkrainer-Medley-13-Slavko-Avsenik-Hits.mp3\"><\/audio><\/figure>\n\n\n\n<hr class=\"wp-block-separator has-alpha-channel-opacity is-style-wide\"\/>\n<\/div>\n\n\n\n<div class=\"wp-block-group has-global-padding is-layout-constrained wp-block-group-is-layout-constrained\">\n<p class=\"has-small-font-size\" style=\"line-height:1.3\"><strong>VIVA ITALIA <\/strong>by DJ Gatto | <strong>RADIO MENSCH <\/strong>(320MB) mit Angelo Branduardi, Pandemonio, Antonello Venditti, Chiara Civello, Diego Morena, Franco Califano, Giancane, Gianni Morandi, Gigi Proletti, Irene Grandi, Levante, Lucio Dalla, Lucio Dalla e Franesco De Gregori, Mina feat. Piero Gherardi, Ornella Vanoni, Stefano Rosso, RAF, Piero Pelu mit Ligabue und Jovanotti, Lucio Battista, Bianca Azei, Emma, Alessandra Amoroso, Velvet, Elettra Lamborghini, Zucchero, Rino Gaetano, PFM, Ministri, M\u00e2neskin, Max Gazz\u00e8, Mango, Gianna Nannini, Pooh, Sindrome del dolore, Fabrizio De Andr\u00e9, Ludovico Leonardo Minu, Piera Lombardi, Lucio Dalla, La Stato Soziale, Zucchero feat. Miles Davis. Technik: Diro.<\/p>\n\n\n\n<figure class=\"wp-block-audio\"><audio controls src=\"https:\/\/igmensch.org\/wp-content\/uploads\/2024\/08\/VIVA-ITALIA-by-DJ-Gatto-_-RADIO-MENSCH.mp3\"><\/audio><\/figure>\n\n\n\n<hr class=\"wp-block-separator has-alpha-channel-opacity is-style-wide\"\/>\n<\/div>\n\n\n\n<div class=\"wp-block-group has-global-padding is-layout-constrained wp-block-group-is-layout-constrained\">\n<p class=\"has-small-font-size\" style=\"line-height:1.3\"><br><strong>EARTH MUSIC<\/strong> by DJ Joe Flower | <strong>RADIO MENSCH<\/strong> (228 MB) Mit Mohicans, Johnny Clegg &amp; Savuka, Fela Kuti, Keziah Jones, Meshell NdegeOcello, Terra Samba, Santana, Premiata Forneria Marconi, Waxies Dargle, The Cranberries, Bj\u00f6rk, Shakira, Inner Circle, Jack Miller, Manu Dibango, Peter King, Dackin Dackino, Baaba Maal, Smoke Signals, Yothu Yindi and the John Butler Trio. Technik: Diro.<\/p>\n\n\n\n<figure class=\"wp-block-audio\"><audio controls src=\"https:\/\/igmensch.org\/wp-content\/uploads\/2024\/06\/EARTH-MUSIC-by-DJ-Joe-Flower-_-RADIO-MENSCH.mp3\"><\/audio><figcaption class=\"wp-element-caption\"><strong>EARTH MUSIC<\/strong> by DJ Joe Flower (228 MB)<\/figcaption><\/figure>\n<\/div>\n\n\n\n<div class=\"wp-block-group has-global-padding is-layout-constrained wp-block-group-is-layout-constrained\">\n<hr class=\"wp-block-separator has-alpha-channel-opacity is-style-wide\"\/>\n\n\n\n<p class=\"has-small-font-size\" style=\"line-height:1.3\"><strong>NATURE SOUL VOICES by DJ Gatto | RADIO MENSCH<\/strong>, mit Yat Kha, Uuhai feat. Hurd, The Hu, Ummet Ozcan X Otyken, Yat Kha, Otyken, Mathias Duplessy, Batzorig Vaanchig, Boerte, Turan, Altai Kai, Uuhai, The Hu, Hartyga feat. Albert Kuvezin, Yat Kha, Uuhai, Hassak, Bukhu Ganburged, Nestor Kornblum, Oduchu, Khoomii, Rolling Rachele, Oloid, Christian Zehnder und Silvio Tom Manera. Technik: Diro.<\/p>\n\n\n\n<figure class=\"wp-block-audio\"><audio controls src=\"https:\/\/igmensch.org\/wp-content\/uploads\/2024\/06\/NATURE-SOUL-VOICES-by-DJ-Gatto-RADIO-MENSCH.mp3\"><\/audio><figcaption class=\"wp-element-caption\"><strong>NATURE SOUL VOICES by DJ Gatto<\/strong> (168 MB)<\/figcaption><\/figure>\n\n\n\n<hr class=\"wp-block-separator has-alpha-channel-opacity is-style-wide\"\/>\n<\/div>\n\n\n\n<div class=\"wp-block-group has-global-padding is-layout-constrained wp-block-group-is-layout-constrained\">\n<p class=\"has-small-font-size\" style=\"line-height:1.3\"><strong>ERDWANDLER by DJ Gatto | RADIO MENSCH. <\/strong>Wir holen uns das Gl\u00fcck ins Haus und Tanzen das Da Sein, mit Ganga Giri, Wardruna, Priscilla Hernandez, Loreena McKennitt, S.J. Tucker, Faun, Element Of Crime, Hans Zimmer and Lisa Gerrard, Annett, Alien\u2018s Best Friend, Willy Astor, Era, Enya, Andreas Vollenweider, Max Raabe Palast Orchester feat. Lea, Gabriele McDaniel, Banda Celta Danzante, Tatanka, The Dragon Ritual Drummers, Tom Manera. Technik: Diro.<\/p>\n\n\n\n<figure class=\"wp-block-audio\"><audio controls src=\"https:\/\/igmensch.org\/wp-content\/uploads\/2024\/05\/ERDWANDLER-by-DJ-Gatto-_-RADIO-MENSCH.mp3\"><\/audio><\/figure>\n\n\n\n<hr class=\"wp-block-separator has-alpha-channel-opacity is-style-wide\"\/>\n<\/div>\n","protected":false},"excerpt":{"rendered":"<p>Aktualisiert23.02.2026 Erstellt23.02.2026 MUSIK-LISTE Quetschn Academy by DJ Torro_Lago | RADIO MENSCH 220 MB). Die ganze Truppe von der Quetschn Academy (Namen werden sp\u00e4ter eingepflegt)Weihnachten wie sie fr\u00fcher war, gem\u00fctlich, Lieder passend zum Anlass mit der Steirischen Quetschn Oberkrainer Medley (13 Slavko Avsenik Hits) DJ Torro_Lago | RADIO MENSCH (66MB) Ein schwungvolles Oberkrainer-Medley von Stefan, gespielt [&hellip;]<\/p>\n","protected":false},"author":1,"featured_media":33244,"parent":0,"menu_order":0,"comment_status":"closed","ping_status":"closed","template":"","meta":{"footnotes":""},"class_list":["post-33249","page","type-page","status-publish","has-post-thumbnail","hentry"],"jetpack_sharing_enabled":true,"_links":{"self":[{"href":"https:\/\/igmensch.org\/ig-mensch-startseite\/wp-json\/wp\/v2\/pages\/33249","targetHints":{"allow":["GET"]}}],"collection":[{"href":"https:\/\/igmensch.org\/ig-mensch-startseite\/wp-json\/wp\/v2\/pages"}],"about":[{"href":"https:\/\/igmensch.org\/ig-mensch-startseite\/wp-json\/wp\/v2\/types\/page"}],"author":[{"embeddable":true,"href":"https:\/\/igmensch.org\/ig-mensch-startseite\/wp-json\/wp\/v2\/users\/1"}],"replies":[{"embeddable":true,"href":"https:\/\/igmensch.org\/ig-mensch-startseite\/wp-json\/wp\/v2\/comments?post=33249"}],"version-history":[{"count":3,"href":"https:\/\/igmensch.org\/ig-mensch-startseite\/wp-json\/wp\/v2\/pages\/33249\/revisions"}],"predecessor-version":[{"id":33254,"href":"https:\/\/igmensch.org\/ig-mensch-startseite\/wp-json\/wp\/v2\/pages\/33249\/revisions\/33254"}],"wp:featuredmedia":[{"embeddable":true,"href":"https:\/\/igmensch.org\/ig-mensch-startseite\/wp-json\/wp\/v2\/media\/33244"}],"wp:attachment":[{"href":"https:\/\/igmensch.org\/ig-mensch-startseite\/wp-json\/wp\/v2\/media?parent=33249"}],"curies":[{"name":"wp","href":"https:\/\/api.w.org\/{rel}","templated":true}]}}

<div class="wp-block-group has-global-padding is-layout-constrained wp-block-group-is-layout-constrained">
<figure class="wp-block-image size-full is-resized"><img loading="lazy" decoding="async" width="740" height="12" src="https://igmensch.org/wp-content/uploads/2024/02/linie-gelb-600-1.png" alt="" class="wp-image-834" style="width:620px" srcset="https://igmensch.org/wp-content/uploads/2024/02/linie-gelb-600-1.png 740w, https://igmensch.org/wp-content/uploads/2024/02/linie-gelb-600-1-300x5.png 300w, https://igmensch.org/wp-content/uploads/2024/02/linie-gelb-600-1-480x8.png 480w" sizes="auto, (max-width: 740px) 100vw, 740px" /></figure>



<div class="wp-block-columns is-layout-flex wp-container-core-columns-is-layout-28f84493 wp-block-columns-is-layout-flex">
<div class="wp-block-column is-layout-flow wp-block-column-is-layout-flow">
<div class="wp-block-columns is-layout-flex wp-container-core-columns-is-layout-28f84493 wp-block-columns-is-layout-flex">
<div class="wp-block-column is-layout-flow wp-block-column-is-layout-flow">
<p>Aktualisiert<br>23.02.2026</p>
</div>



<div class="wp-block-column is-layout-flow wp-block-column-is-layout-flow"></div>
</div>
</div>



<div class="wp-block-column is-layout-flow wp-block-column-is-layout-flow">
<div class="wp-block-columns is-layout-flex wp-container-core-columns-is-layout-28f84493 wp-block-columns-is-layout-flex">
<div class="wp-block-column is-layout-flow wp-block-column-is-layout-flow"></div>



<div class="wp-block-column is-layout-flow wp-block-column-is-layout-flow">
<p class="has-text-align-right">Erstellt<br>23.02.2026</p>
</div>
</div>
</div>
</div>



<figure class="wp-block-image size-full is-resized"><img loading="lazy" decoding="async" width="740" height="12" src="https://igmensch.org/wp-content/uploads/2024/02/linie-gelb-600-1.png" alt="" class="wp-image-834" style="width:620px" srcset="https://igmensch.org/wp-content/uploads/2024/02/linie-gelb-600-1.png 740w, https://igmensch.org/wp-content/uploads/2024/02/linie-gelb-600-1-300x5.png 300w, https://igmensch.org/wp-content/uploads/2024/02/linie-gelb-600-1-480x8.png 480w" sizes="auto, (max-width: 740px) 100vw, 740px" /></figure>
</div>



<div class="wp-block-group has-global-padding is-layout-constrained wp-block-group-is-layout-constrained">
<div class="wp-block-columns is-layout-flex wp-container-core-columns-is-layout-28f84493 wp-block-columns-is-layout-flex">
<div class="wp-block-column is-layout-flow wp-block-column-is-layout-flow"></div>



<div class="wp-block-column is-layout-flow wp-block-column-is-layout-flow">
<p class="has-text-align-center"><a href="https://igmensch.org/abc-musik-liste-2/" data-type="page" data-id="29125">MUSIK-LISTE</a></p>
</div>



<div class="wp-block-column is-layout-flow wp-block-column-is-layout-flow"></div>
</div>
</div>



<div class="wp-block-group has-global-padding is-layout-constrained wp-block-group-is-layout-constrained">
<p class="has-small-font-size" style="line-height:1.3"><strong>Quetschn Academy</strong> by DJ Torro_Lago | <strong>RADIO MENSCH</strong> 220 MB). Die ganze Truppe von der Quetschn Academy (Namen werden später eingepflegt)<br>Weihnachten wie sie früher war, gemütlich, Lieder passend zum Anlass mit der Steirischen Quetschn</p>



<figure class="wp-block-audio"><audio controls src="https://claudiograf.ch/wp-content/uploads/2025/12/ziachfuchs-a-weihnacht-wies-fruher-war_W9tspUna.m4a"></audio></figure>



<hr class="wp-block-separator has-alpha-channel-opacity is-style-wide"/>
</div>



<div class="wp-block-group has-global-padding is-layout-constrained wp-block-group-is-layout-constrained">
<p class="has-small-font-size" style="line-height:1.3"><strong>Oberkrainer Medley (13 Slavko Avsenik Hits</strong>) DJ Torro_Lago | <strong>RADIO MENSCH</strong> (66MB) Ein schwungvolles Oberkrainer-Medley von Stefan, gespielt auf der Tigerwood in GCFB. <br>00:05 Ich hör so gern Harmonika, 02:10 Schöne Urlaubszeit (übrigens kein<br> Avsenik-Stück 😜), 04:40 Glück im Schwarzwald, 07:35 Auf der Autobahn, <br>10:10 Bauernkirmes, 11:53 Slowenischer Bauerntanz, 14:40 Erinnerungen, <br>17:30 Die gute alte Zeit, 19:08 Hey Slavko, spiel uns eins, 22:31 Martin<br> Polka, 25:17 Tante Mitzi, 27:25 Mein bester Freund ist die Musik, 31:03<br> Trompetenecho, Technik: Claudio</p>



<figure class="wp-block-audio"><audio controls src="https://igmensch.org/wp-content/uploads/2024/08/Oberkrainer-Medley-13-Slavko-Avsenik-Hits.mp3"></audio></figure>



<hr class="wp-block-separator has-alpha-channel-opacity is-style-wide"/>
</div>



<div class="wp-block-group has-global-padding is-layout-constrained wp-block-group-is-layout-constrained">
<p class="has-small-font-size" style="line-height:1.3"><strong>VIVA ITALIA </strong>by DJ Gatto | <strong>RADIO MENSCH </strong>(320MB) mit Angelo Branduardi, Pandemonio, Antonello Venditti, Chiara Civello, Diego Morena, Franco Califano, Giancane, Gianni Morandi, Gigi Proletti, Irene Grandi, Levante, Lucio Dalla, Lucio Dalla e Franesco De Gregori, Mina feat. Piero Gherardi, Ornella Vanoni, Stefano Rosso, RAF, Piero Pelu mit Ligabue und Jovanotti, Lucio Battista, Bianca Azei, Emma, Alessandra Amoroso, Velvet, Elettra Lamborghini, Zucchero, Rino Gaetano, PFM, Ministri, Mâneskin, Max Gazzè, Mango, Gianna Nannini, Pooh, Sindrome del dolore, Fabrizio De André, Ludovico Leonardo Minu, Piera Lombardi, Lucio Dalla, La Stato Soziale, Zucchero feat. Miles Davis. Technik: Diro.</p>



<figure class="wp-block-audio"><audio controls src="https://igmensch.org/wp-content/uploads/2024/08/VIVA-ITALIA-by-DJ-Gatto-_-RADIO-MENSCH.mp3"></audio></figure>



<hr class="wp-block-separator has-alpha-channel-opacity is-style-wide"/>
</div>



<div class="wp-block-group has-global-padding is-layout-constrained wp-block-group-is-layout-constrained">
<p class="has-small-font-size" style="line-height:1.3"><br><strong>EARTH MUSIC</strong> by DJ Joe Flower | <strong>RADIO MENSCH</strong> (228 MB) Mit Mohicans, Johnny Clegg &amp; Savuka, Fela Kuti, Keziah Jones, Meshell NdegeOcello, Terra Samba, Santana, Premiata Forneria Marconi, Waxies Dargle, The Cranberries, Björk, Shakira, Inner Circle, Jack Miller, Manu Dibango, Peter King, Dackin Dackino, Baaba Maal, Smoke Signals, Yothu Yindi and the John Butler Trio. Technik: Diro.</p>



<figure class="wp-block-audio"><audio controls src="https://igmensch.org/wp-content/uploads/2024/06/EARTH-MUSIC-by-DJ-Joe-Flower-_-RADIO-MENSCH.mp3"></audio><figcaption class="wp-element-caption"><strong>EARTH MUSIC</strong> by DJ Joe Flower (228 MB)</figcaption></figure>
</div>



<div class="wp-block-group has-global-padding is-layout-constrained wp-block-group-is-layout-constrained">
<hr class="wp-block-separator has-alpha-channel-opacity is-style-wide"/>



<p class="has-small-font-size" style="line-height:1.3"><strong>NATURE SOUL VOICES by DJ Gatto | RADIO MENSCH</strong>, mit Yat Kha, Uuhai feat. Hurd, The Hu, Ummet Ozcan X Otyken, Yat Kha, Otyken, Mathias Duplessy, Batzorig Vaanchig, Boerte, Turan, Altai Kai, Uuhai, The Hu, Hartyga feat. Albert Kuvezin, Yat Kha, Uuhai, Hassak, Bukhu Ganburged, Nestor Kornblum, Oduchu, Khoomii, Rolling Rachele, Oloid, Christian Zehnder und Silvio Tom Manera. Technik: Diro.</p>



<figure class="wp-block-audio"><audio controls src="https://igmensch.org/wp-content/uploads/2024/06/NATURE-SOUL-VOICES-by-DJ-Gatto-RADIO-MENSCH.mp3"></audio><figcaption class="wp-element-caption"><strong>NATURE SOUL VOICES by DJ Gatto</strong> (168 MB)</figcaption></figure>



<hr class="wp-block-separator has-alpha-channel-opacity is-style-wide"/>
</div>



<div class="wp-block-group has-global-padding is-layout-constrained wp-block-group-is-layout-constrained">
<p class="has-small-font-size" style="line-height:1.3"><strong>ERDWANDLER by DJ Gatto | RADIO MENSCH. </strong>Wir holen uns das Glück ins Haus und Tanzen das Da Sein, mit Ganga Giri, Wardruna, Priscilla Hernandez, Loreena McKennitt, S.J. Tucker, Faun, Element Of Crime, Hans Zimmer and Lisa Gerrard, Annett, Alien‘s Best Friend, Willy Astor, Era, Enya, Andreas Vollenweider, Max Raabe Palast Orchester feat. Lea, Gabriele McDaniel, Banda Celta Danzante, Tatanka, The Dragon Ritual Drummers, Tom Manera. Technik: Diro.</p>



<figure class="wp-block-audio"><audio controls src="https://igmensch.org/wp-content/uploads/2024/05/ERDWANDLER-by-DJ-Gatto-_-RADIO-MENSCH.mp3"></audio></figure>



<hr class="wp-block-separator has-alpha-channel-opacity is-style-wide"/>
</div>

<p>Aktualisiert23.02.2026 Erstellt23.02.2026 MUSIK-LISTE Quetschn Academy by DJ Torro_Lago | RADIO MENSCH 220 MB). Die ganze Truppe von der Quetschn Academy (Namen werden später eingepflegt)Weihnachten wie sie früher war, gemütlich, Lieder passend zum Anlass mit der Steirischen Quetschn Oberkrainer Medley (13 Slavko Avsenik Hits) DJ Torro_Lago | RADIO MENSCH (66MB) Ein schwungvolles Oberkrainer-Medley von Stefan, gespielt [&hellip;]</p>
