{"id":29015,"date":"2024-04-25T21:52:35","date_gmt":"2024-04-25T19:52:35","guid":{"rendered":"https:\/\/igmensch.org\/?page_id=29015"},"modified":"2024-10-02T10:58:07","modified_gmt":"2024-10-02T08:58:07","slug":"l-wie-latin-love","status":"publish","type":"page","link":"https:\/\/igmensch.org\/ig-mensch-startseite\/l-wie-latin-love\/","title":{"rendered":"L wie LATIN &amp; LOVE"},"content":{"rendered":"\n<div class=\"wp-block-group has-global-padding is-layout-constrained wp-block-group-is-layout-constrained\">\n<figure class=\"wp-block-image size-full is-resized\"><img loading=\"lazy\" decoding=\"async\" width=\"740\" height=\"12\" src=\"https:\/\/igmensch.org\/wp-content\/uploads\/2024\/02\/linie-gelb-600-1.png\" alt=\"\" class=\"wp-image-834\" style=\"width:620px\" srcset=\"https:\/\/igmensch.org\/wp-content\/uploads\/2024\/02\/linie-gelb-600-1.png 740w, https:\/\/igmensch.org\/wp-content\/uploads\/2024\/02\/linie-gelb-600-1-300x5.png 300w, https:\/\/igmensch.org\/wp-content\/uploads\/2024\/02\/linie-gelb-600-1-480x8.png 480w\" sizes=\"auto, (max-width: 740px) 100vw, 740px\" \/><\/figure>\n\n\n\n<div class=\"wp-block-columns is-layout-flex wp-container-core-columns-is-layout-28f84493 wp-block-columns-is-layout-flex\">\n<div class=\"wp-block-column is-layout-flow wp-block-column-is-layout-flow\">\n<div class=\"wp-block-columns is-layout-flex wp-container-core-columns-is-layout-28f84493 wp-block-columns-is-layout-flex\">\n<div class=\"wp-block-column is-layout-flow wp-block-column-is-layout-flow\">\n<p>Aktualisiert<br>01.08.2024<\/p>\n<\/div>\n\n\n\n<div class=\"wp-block-column is-layout-flow wp-block-column-is-layout-flow\"><\/div>\n<\/div>\n<\/div>\n\n\n\n<div class=\"wp-block-column is-layout-flow wp-block-column-is-layout-flow\">\n<div class=\"wp-block-columns is-layout-flex wp-container-core-columns-is-layout-28f84493 wp-block-columns-is-layout-flex\">\n<div class=\"wp-block-column is-layout-flow wp-block-column-is-layout-flow\"><\/div>\n\n\n\n<div class=\"wp-block-column is-layout-flow wp-block-column-is-layout-flow\">\n<p class=\"has-text-align-right\">Erstellt<br>25.04.2024<\/p>\n<\/div>\n<\/div>\n<\/div>\n<\/div>\n\n\n\n<figure class=\"wp-block-image size-full is-resized\"><img loading=\"lazy\" decoding=\"async\" width=\"740\" height=\"12\" src=\"https:\/\/igmensch.org\/wp-content\/uploads\/2024\/02\/linie-gelb-600-1.png\" alt=\"\" class=\"wp-image-834\" style=\"width:620px\" srcset=\"https:\/\/igmensch.org\/wp-content\/uploads\/2024\/02\/linie-gelb-600-1.png 740w, https:\/\/igmensch.org\/wp-content\/uploads\/2024\/02\/linie-gelb-600-1-300x5.png 300w, https:\/\/igmensch.org\/wp-content\/uploads\/2024\/02\/linie-gelb-600-1-480x8.png 480w\" sizes=\"auto, (max-width: 740px) 100vw, 740px\" \/><\/figure>\n<\/div>\n\n\n\n<div class=\"wp-block-group has-global-padding is-layout-constrained wp-block-group-is-layout-constrained\">\n<div class=\"wp-block-columns is-layout-flex wp-container-core-columns-is-layout-28f84493 wp-block-columns-is-layout-flex\">\n<div class=\"wp-block-column is-layout-flow wp-block-column-is-layout-flow\"><\/div>\n\n\n\n<div class=\"wp-block-column is-layout-flow wp-block-column-is-layout-flow\">\n<p class=\"has-text-align-center\"><a href=\"https:\/\/igmensch.org\/abc-musik-liste-2\/\" data-type=\"page\" data-id=\"29125\">MUSIK-LISTE<\/a><\/p>\n<\/div>\n\n\n\n<div class=\"wp-block-column is-layout-flow wp-block-column-is-layout-flow\"><\/div>\n<\/div>\n\n\n\n<hr class=\"wp-block-separator has-alpha-channel-opacity is-style-wide\"\/>\n<\/div>\n\n\n\n<div class=\"wp-block-group has-global-padding is-layout-constrained wp-block-group-is-layout-constrained\">\n<p class=\"has-small-font-size\" style=\"line-height:1.3\"><strong>DIA LATINO <\/strong>by DJ Joe Flower | <strong>RADIO MENSCH <\/strong>(196MB). Mit Gilberto Gil, Tony Canales, Chayenn, Lariba, Jos\u00e9 Padilla, The Capoeira Twins, US 3,Aventura, Zacarias Ferreira, Los GuaSoneros, Off, Juanes, Beny Mor\u00e9, Ibrahim Ferrer with Bueno Vista Social Club, Jesus Navarro Jimenez, Bananas, Santana, Call\u00e9, Terra Samba, JoaguinClassell und Ajer LA VI.. Technik: Armin &amp; Diro.<\/p>\n\n\n\n<figure class=\"wp-block-audio\"><audio controls src=\"https:\/\/igmensch.org\/wp-content\/uploads\/2024\/08\/DIA-LATINO-by-DJ-Joe-Flower-_-RADIO-MENSCH-30.07.24-17.50.mp3\"><\/audio><figcaption class=\"wp-element-caption\"><strong>DIA LATINO <\/strong>by DJ Joe Flower <strong> <\/strong>(196MB)<\/figcaption><\/figure>\n\n\n\n<hr class=\"wp-block-separator has-alpha-channel-opacity is-style-wide\"\/>\n<\/div>\n\n\n\n<div class=\"wp-block-group has-global-padding is-layout-constrained wp-block-group-is-layout-constrained\">\n<p class=\"has-small-font-size\" style=\"line-height:1.3\"><strong>SLOW &amp; LOVELY <\/strong>by DJ Joe Flower | <strong>RADIO MENSCH <\/strong>(178MB). Donovan, Argent, Lou Reed, Bj\u00f6rk, Marvin Gaye, Aretha Franklin, Otis Redding, Mark Knopfler, Joe Satriani, Snowy White and the White Flames, The Moody Blues, Cosmos, The Cranberries, Aphrodite&#8217;s Child, Queen, Ultravox, Mohicans, Smoke Signals, Melvin Wah Watson, Roy Buchanan und the Shadows. Technik: Armin &amp; Diro.<\/p>\n\n\n\n<figure class=\"wp-block-audio\"><audio controls src=\"https:\/\/igmensch.org\/wp-content\/uploads\/2024\/08\/SLOW-LOVELY-by-DJ-Joe-Flower-_-RADIO-MENSCH.mp3\"><\/audio><figcaption class=\"wp-element-caption\"><strong>SLOW &amp; LOVELY <\/strong>by DJ Joe Flower <strong> <\/strong>(178MB)<\/figcaption><\/figure>\n\n\n\n<hr class=\"wp-block-separator has-alpha-channel-opacity is-style-wide\"\/>\n<\/div>\n","protected":false},"excerpt":{"rendered":"<p>Aktualisiert01.08.2024 Erstellt25.04.2024 MUSIK-LISTE DIA LATINO by DJ Joe Flower | RADIO MENSCH (196MB). Mit Gilberto Gil, Tony Canales, Chayenn, Lariba, Jos\u00e9 Padilla, The Capoeira Twins, US 3,Aventura, Zacarias Ferreira, Los GuaSoneros, Off, Juanes, Beny Mor\u00e9, Ibrahim Ferrer with Bueno Vista Social Club, Jesus Navarro Jimenez, Bananas, Santana, Call\u00e9, Terra Samba, JoaguinClassell und Ajer LA VI.. [&hellip;]<\/p>\n","protected":false},"author":1,"featured_media":29270,"parent":0,"menu_order":0,"comment_status":"closed","ping_status":"closed","template":"","meta":{"footnotes":""},"class_list":["post-29015","page","type-page","status-publish","has-post-thumbnail","hentry"],"jetpack_sharing_enabled":true,"_links":{"self":[{"href":"https:\/\/igmensch.org\/ig-mensch-startseite\/wp-json\/wp\/v2\/pages\/29015","targetHints":{"allow":["GET"]}}],"collection":[{"href":"https:\/\/igmensch.org\/ig-mensch-startseite\/wp-json\/wp\/v2\/pages"}],"about":[{"href":"https:\/\/igmensch.org\/ig-mensch-startseite\/wp-json\/wp\/v2\/types\/page"}],"author":[{"embeddable":true,"href":"https:\/\/igmensch.org\/ig-mensch-startseite\/wp-json\/wp\/v2\/users\/1"}],"replies":[{"embeddable":true,"href":"https:\/\/igmensch.org\/ig-mensch-startseite\/wp-json\/wp\/v2\/comments?post=29015"}],"version-history":[{"count":10,"href":"https:\/\/igmensch.org\/ig-mensch-startseite\/wp-json\/wp\/v2\/pages\/29015\/revisions"}],"predecessor-version":[{"id":30950,"href":"https:\/\/igmensch.org\/ig-mensch-startseite\/wp-json\/wp\/v2\/pages\/29015\/revisions\/30950"}],"wp:featuredmedia":[{"embeddable":true,"href":"https:\/\/igmensch.org\/ig-mensch-startseite\/wp-json\/wp\/v2\/media\/29270"}],"wp:attachment":[{"href":"https:\/\/igmensch.org\/ig-mensch-startseite\/wp-json\/wp\/v2\/media?parent=29015"}],"curies":[{"name":"wp","href":"https:\/\/api.w.org\/{rel}","templated":true}]}}

<div class="wp-block-group has-global-padding is-layout-constrained wp-block-group-is-layout-constrained">
<figure class="wp-block-image size-full is-resized"><img loading="lazy" decoding="async" width="740" height="12" src="https://igmensch.org/wp-content/uploads/2024/02/linie-gelb-600-1.png" alt="" class="wp-image-834" style="width:620px" srcset="https://igmensch.org/wp-content/uploads/2024/02/linie-gelb-600-1.png 740w, https://igmensch.org/wp-content/uploads/2024/02/linie-gelb-600-1-300x5.png 300w, https://igmensch.org/wp-content/uploads/2024/02/linie-gelb-600-1-480x8.png 480w" sizes="auto, (max-width: 740px) 100vw, 740px" /></figure>



<div class="wp-block-columns is-layout-flex wp-container-core-columns-is-layout-28f84493 wp-block-columns-is-layout-flex">
<div class="wp-block-column is-layout-flow wp-block-column-is-layout-flow">
<div class="wp-block-columns is-layout-flex wp-container-core-columns-is-layout-28f84493 wp-block-columns-is-layout-flex">
<div class="wp-block-column is-layout-flow wp-block-column-is-layout-flow">
<p>Aktualisiert<br>01.08.2024</p>
</div>



<div class="wp-block-column is-layout-flow wp-block-column-is-layout-flow"></div>
</div>
</div>



<div class="wp-block-column is-layout-flow wp-block-column-is-layout-flow">
<div class="wp-block-columns is-layout-flex wp-container-core-columns-is-layout-28f84493 wp-block-columns-is-layout-flex">
<div class="wp-block-column is-layout-flow wp-block-column-is-layout-flow"></div>



<div class="wp-block-column is-layout-flow wp-block-column-is-layout-flow">
<p class="has-text-align-right">Erstellt<br>25.04.2024</p>
</div>
</div>
</div>
</div>



<figure class="wp-block-image size-full is-resized"><img loading="lazy" decoding="async" width="740" height="12" src="https://igmensch.org/wp-content/uploads/2024/02/linie-gelb-600-1.png" alt="" class="wp-image-834" style="width:620px" srcset="https://igmensch.org/wp-content/uploads/2024/02/linie-gelb-600-1.png 740w, https://igmensch.org/wp-content/uploads/2024/02/linie-gelb-600-1-300x5.png 300w, https://igmensch.org/wp-content/uploads/2024/02/linie-gelb-600-1-480x8.png 480w" sizes="auto, (max-width: 740px) 100vw, 740px" /></figure>
</div>



<div class="wp-block-group has-global-padding is-layout-constrained wp-block-group-is-layout-constrained">
<div class="wp-block-columns is-layout-flex wp-container-core-columns-is-layout-28f84493 wp-block-columns-is-layout-flex">
<div class="wp-block-column is-layout-flow wp-block-column-is-layout-flow"></div>



<div class="wp-block-column is-layout-flow wp-block-column-is-layout-flow">
<p class="has-text-align-center"><a href="https://igmensch.org/abc-musik-liste-2/" data-type="page" data-id="29125">MUSIK-LISTE</a></p>
</div>



<div class="wp-block-column is-layout-flow wp-block-column-is-layout-flow"></div>
</div>



<hr class="wp-block-separator has-alpha-channel-opacity is-style-wide"/>
</div>



<div class="wp-block-group has-global-padding is-layout-constrained wp-block-group-is-layout-constrained">
<p class="has-small-font-size" style="line-height:1.3"><strong>DIA LATINO </strong>by DJ Joe Flower | <strong>RADIO MENSCH </strong>(196MB). Mit Gilberto Gil, Tony Canales, Chayenn, Lariba, José Padilla, The Capoeira Twins, US 3,Aventura, Zacarias Ferreira, Los GuaSoneros, Off, Juanes, Beny Moré, Ibrahim Ferrer with Bueno Vista Social Club, Jesus Navarro Jimenez, Bananas, Santana, Callé, Terra Samba, JoaguinClassell und Ajer LA VI.. Technik: Armin &amp; Diro.</p>



<figure class="wp-block-audio"><audio controls src="https://igmensch.org/wp-content/uploads/2024/08/DIA-LATINO-by-DJ-Joe-Flower-_-RADIO-MENSCH-30.07.24-17.50.mp3"></audio><figcaption class="wp-element-caption"><strong>DIA LATINO </strong>by DJ Joe Flower <strong> </strong>(196MB)</figcaption></figure>



<hr class="wp-block-separator has-alpha-channel-opacity is-style-wide"/>
</div>



<div class="wp-block-group has-global-padding is-layout-constrained wp-block-group-is-layout-constrained">
<p class="has-small-font-size" style="line-height:1.3"><strong>SLOW &amp; LOVELY </strong>by DJ Joe Flower | <strong>RADIO MENSCH </strong>(178MB). Donovan, Argent, Lou Reed, Björk, Marvin Gaye, Aretha Franklin, Otis Redding, Mark Knopfler, Joe Satriani, Snowy White and the White Flames, The Moody Blues, Cosmos, The Cranberries, Aphrodite&#8217;s Child, Queen, Ultravox, Mohicans, Smoke Signals, Melvin Wah Watson, Roy Buchanan und the Shadows. Technik: Armin &amp; Diro.</p>



<figure class="wp-block-audio"><audio controls src="https://igmensch.org/wp-content/uploads/2024/08/SLOW-LOVELY-by-DJ-Joe-Flower-_-RADIO-MENSCH.mp3"></audio><figcaption class="wp-element-caption"><strong>SLOW &amp; LOVELY </strong>by DJ Joe Flower <strong> </strong>(178MB)</figcaption></figure>



<hr class="wp-block-separator has-alpha-channel-opacity is-style-wide"/>
</div>

<p>Aktualisiert01.08.2024 Erstellt25.04.2024 MUSIK-LISTE DIA LATINO by DJ Joe Flower | RADIO MENSCH (196MB). Mit Gilberto Gil, Tony Canales, Chayenn, Lariba, José Padilla, The Capoeira Twins, US 3,Aventura, Zacarias Ferreira, Los GuaSoneros, Off, Juanes, Beny Moré, Ibrahim Ferrer with Bueno Vista Social Club, Jesus Navarro Jimenez, Bananas, Santana, Callé, Terra Samba, JoaguinClassell und Ajer LA VI.. [&hellip;]</p>
